{"id":18,"date":"2018-04-08T15:23:50","date_gmt":"2018-04-08T15:23:50","guid":{"rendered":"http:\/\/fvhl.de\/?page_id=18"},"modified":"2023-03-04T12:36:03","modified_gmt":"2023-03-04T11:36:03","slug":"mitglied-werden","status":"publish","type":"page","link":"https:\/\/fvhl.de\/?page_id=18","title":{"rendered":"Mitglied werden"},"content":{"rendered":"<p>Werden Sie Mitglied im F\u00f6rderverein Handball Lampertheim. Es ist ganz einfach, bspw. durch Senden einer kurzen Mail an den <a href=\"mailto:vorstand@fvhl.de\">Vorstand.<\/a><\/p>\n<p>Oder drucken Sie dieses Formular, f\u00fcllen es aus und senden es uns per Post oder gescannt Email zu:\u00a0 <a href=\"http:\/\/fvhl.de\/wp-content\/uploads\/2023\/03\/2023.03.04-Antrag-Foerderverein.pdf\">2023.03.04-Antrag-F\u00f6rderverein<\/a>.<a href=\"http:\/\/fvhl.de\/wp-content\/uploads\/2018\/04\/2018.04.16-Antrag-F\u00f6rderverein.pdf\"><br \/>\n<\/a><\/p>\n<p>Mitglied des Vereins kann jede nat\u00fcrliche oder juristische Person werden. Voraussetzung f\u00fcr die Mitgliedschaft ist, dass die Mitglieder die Vereinszwecke unterst\u00fctzen.<\/p>\n<p>Von jedem Mitglied wird ein monatlicher Beitrag erhoben, der j\u00e4hrlich zu zahlen ist. Momentan betr\u00e4gt dieser 5\u20ac\/Monat, d.h. 60\u20ac\/Jahr. Dar\u00fcber hinaus k\u00f6nnen jederzeit Spenden als Einzelbetrag oder in periodischen Zahlungen geleistet werden.<\/p>\n","protected":false},"excerpt":{"rendered":"<p>Werden Sie Mitglied im F\u00f6rderverein Handball Lampertheim. Es ist ganz einfach, bspw. durch Senden einer kurzen Mail an den Vorstand. Oder drucken Sie dieses Formular, f\u00fcllen es aus und senden es uns per Post oder gescannt Email zu:\u00a0 2023.03.04-Antrag-F\u00f6rderverein. Mitglied des Vereins kann jede nat\u00fcrliche oder juristische Person werden. Voraussetzung f\u00fcr die Mitgliedschaft ist, dass &hellip; <\/p>\n<p class=\"link-more\"><a href=\"https:\/\/fvhl.de\/?page_id=18\" class=\"more-link\"><span class=\"screen-reader-text\">\u201eMitglied werden\u201c <\/span>weiterlesen<\/a><\/p>\n","protected":false},"author":1,"featured_media":0,"parent":31,"menu_order":1,"comment_status":"closed","ping_status":"closed","template":"","meta":{"footnotes":""},"class_list":["post-18","page","type-page","status-publish","hentry","entry"],"_links":{"self":[{"href":"https:\/\/fvhl.de\/index.php?rest_route=\/wp\/v2\/pages\/18","targetHints":{"allow":["GET"]}}],"collection":[{"href":"https:\/\/fvhl.de\/index.php?rest_route=\/wp\/v2\/pages"}],"about":[{"href":"https:\/\/fvhl.de\/index.php?rest_route=\/wp\/v2\/types\/page"}],"author":[{"embeddable":true,"href":"https:\/\/fvhl.de\/index.php?rest_route=\/wp\/v2\/users\/1"}],"replies":[{"embeddable":true,"href":"https:\/\/fvhl.de\/index.php?rest_route=%2Fwp%2Fv2%2Fcomments&post=18"}],"version-history":[{"count":7,"href":"https:\/\/fvhl.de\/index.php?rest_route=\/wp\/v2\/pages\/18\/revisions"}],"predecessor-version":[{"id":143,"href":"https:\/\/fvhl.de\/index.php?rest_route=\/wp\/v2\/pages\/18\/revisions\/143"}],"up":[{"embeddable":true,"href":"https:\/\/fvhl.de\/index.php?rest_route=\/wp\/v2\/pages\/31"}],"wp:attachment":[{"href":"https:\/\/fvhl.de\/index.php?rest_route=%2Fwp%2Fv2%2Fmedia&parent=18"}],"curies":[{"name":"wp","href":"https:\/\/api.w.org\/{rel}","templated":true}]}}